{"id":985,"date":"2020-10-05T02:04:35","date_gmt":"2020-10-05T02:04:35","guid":{"rendered":"https:\/\/poidekirik.ee\/?page_id=985"},"modified":"2021-03-04T09:48:30","modified_gmt":"2021-03-04T09:48:30","slug":"saatio","status":"publish","type":"page","link":"https:\/\/poidekirik.ee\/?page_id=985","title":{"rendered":"S\u00e4\u00e4ti\u00f6"},"content":{"rendered":"\t\t<div data-elementor-type=\"wp-page\" data-elementor-id=\"985\" class=\"elementor elementor-985\" data-elementor-settings=\"[]\">\n\t\t\t\t\t\t<div class=\"elementor-inner\">\n\t\t\t\t\t\t\t<div class=\"elementor-section-wrap\">\n\t\t\t\t\t\t\t<section class=\"elementor-section elementor-top-section elementor-element elementor-element-f937beb elementor-section-boxed elementor-section-height-default elementor-section-height-default\" data-id=\"f937beb\" data-element_type=\"section\">\n\t\t\t\t\t\t<div class=\"elementor-container elementor-column-gap-default\">\n\t\t\t\t\t\t\t<div class=\"elementor-row\">\n\t\t\t\t\t<div class=\"elementor-column elementor-col-100 elementor-top-column elementor-element elementor-element-cbafbfb\" data-id=\"cbafbfb\" data-element_type=\"column\">\n\t\t\t<div class=\"elementor-column-wrap elementor-element-populated\">\n\t\t\t\t\t\t\t<div class=\"elementor-widget-wrap\">\n\t\t\t\t\t\t<div class=\"elementor-element elementor-element-2997b23 elementor-widget elementor-widget-image\" data-id=\"2997b23\" data-element_type=\"widget\" data-widget_type=\"image.default\">\n\t\t\t\t<div class=\"elementor-widget-container\">\n\t\t\t\t\t<div class=\"elementor-image\">\n\t\t\t\t\t\t\t\t\t\t<img decoding=\"async\" src=\"https:\/\/poidekirik.ee\/wp-content\/uploads\/elementor\/thumbs\/remontti-ok-owhg0245ehjvzueomzcaprxu1r4ygtsn5gnapvm9fo.png\" title=\"remontti ok\" alt=\"remontti ok\" \/>\t\t\t\t\t\t\t\t\t\t\t<\/div>\n\t\t\t\t<\/div>\n\t\t\t\t<\/div>\n\t\t\t\t<div class=\"elementor-element elementor-element-0716946 elementor-widget elementor-widget-heading\" data-id=\"0716946\" data-element_type=\"widget\" data-widget_type=\"heading.default\">\n\t\t\t\t<div class=\"elementor-widget-container\">\n\t\t\t<h2 class=\"elementor-heading-title elementor-size-default\">S\u00e4\u00e4ti\u00f6<\/h2>\t\t<\/div>\n\t\t\t\t<\/div>\n\t\t\t\t\t\t<\/div>\n\t\t\t\t\t<\/div>\n\t\t<\/div>\n\t\t\t\t\t\t\t\t<\/div>\n\t\t\t\t\t<\/div>\n\t\t<\/section>\n\t\t\t\t<section class=\"elementor-section elementor-top-section elementor-element elementor-element-f67b826 elementor-section-boxed elementor-section-height-default elementor-section-height-default\" data-id=\"f67b826\" data-element_type=\"section\">\n\t\t\t\t\t\t<div class=\"elementor-container elementor-column-gap-default\">\n\t\t\t\t\t\t\t<div class=\"elementor-row\">\n\t\t\t\t\t<div class=\"elementor-column elementor-col-100 elementor-top-column elementor-element elementor-element-02b8ad1\" data-id=\"02b8ad1\" data-element_type=\"column\">\n\t\t\t<div class=\"elementor-column-wrap elementor-element-populated\">\n\t\t\t\t\t\t\t<div class=\"elementor-widget-wrap\">\n\t\t\t\t\t\t<div class=\"elementor-element elementor-element-efd6863 elementor-widget elementor-widget-text-editor\" data-id=\"efd6863\" data-element_type=\"widget\" data-widget_type=\"text-editor.default\">\n\t\t\t\t<div class=\"elementor-widget-container\">\n\t\t\t\t\t<div class=\"elementor-text-editor elementor-clearfix\"><div class=\"left column\"><p>P\u00f6iden Marian seurakunta ja P\u00f6iden kunta perustivat P\u00f6iden Marian kirkon s\u00e4\u00e4ti\u00f6n 13. maaliskuuta 2012.<\/p><p>Sen tarkoituksena on tukea seurakuntaa kirkkorakennuksen kunnostamisessa ja kehitt\u00e4misess\u00e4. S\u00e4\u00e4ti\u00f6n tavoitteena on pelastaa P\u00f6iden Pyh\u00e4n Marian kirkko arkkitehtonisena ja historiallisena muistomerkkin\u00e4, palauttaa se kirkollisten toimintojensa s\u00e4ilytt\u00e4miseksi ja laajentamiseksi sek\u00e4 k\u00e4ytt\u00e4\u00e4 sit\u00e4 ainutlaatuisena konserttisalina ja matkailukohteena Saarenmaalla.<\/p><p>S\u00e4\u00e4ti\u00f6n kahdeksanj\u00e4senisen neuvoston ensimm\u00e4iset j\u00e4senet olivat seurakunnan nime\u00e4min\u00e4 j\u00e4senin\u00e4:<br \/>Kirkkoneuvoston puheenjohtaja, Saarten rovasti Veiko Vihuri ja j\u00e4senet Heidi Madisson, Meelis P\u00e4rn ja Anne Untera sek\u00e4 P\u00f6iden kunnan nime\u00e4m\u00e4t j\u00e4senet: Maire K\u00e4\u00e4rid, Vilmar Laak, Angela Nairis ja Jaan Tamm. S\u00e4\u00e4ti\u00f6n hallituksen ensimm\u00e4inen j\u00e4sen oli Gerri Gr\u00fcnberg, toinen Andi Angel.<\/p><p>Vuonna 2020 oli P\u00f6ide Marian kirkon s\u00e4\u00e4ti\u00f6n neuvoston puheenjohtajana Jaan Tamm, j\u00e4senin\u00e4 Elje Kula, Maire K\u00e4\u00e4rid, Vilmar Laak, Angela Nairis, Meelis P\u00e4rn, Argo P\u00fcssim ja Maarja Truumees. S\u00e4\u00e4ti\u00f6n hallituksen j\u00e4senen\u00e4 toimi Anne Untera.<\/p><p>Yritysrekisterin (\u00e4riregister) numero:<br \/>90010798<\/p><p><strong>Yhteystiedot:<\/strong><br \/>puhelin 566222452,<br \/>poide.kirik [at] gmail.com;<br \/>anne.untera [at] gmail.com<\/p><p><strong>Postiosoite:<\/strong><br \/>Maarja, P\u00f6ide k\u00fcla, 94520 Saaremaa vald, Saare maakond, VIRO<\/p><p><strong>Tilinumero:<\/strong><br \/>Swedbank EE492200221054650133<br \/>P\u00f6ide Maarja Kiriku Sihtasutus<\/p><\/div><\/div>\n\t\t\t\t<\/div>\n\t\t\t\t<\/div>\n\t\t\t\t\t\t<\/div>\n\t\t\t\t\t<\/div>\n\t\t<\/div>\n\t\t\t\t\t\t\t\t<\/div>\n\t\t\t\t\t<\/div>\n\t\t<\/section>\n\t\t\t\t\t\t<\/div>\n\t\t\t\t\t\t<\/div>\n\t\t\t\t\t<\/div>\n\t\t","protected":false},"excerpt":{"rendered":"<p>S\u00e4\u00e4ti\u00f6 P\u00f6iden Marian seurakunta ja P\u00f6iden kunta perustivat P\u00f6iden Marian kirkon s\u00e4\u00e4ti\u00f6n 13. maaliskuuta 2012. Sen tarkoituksena on tukea seurakuntaa kirkkorakennuksen kunnostamisessa ja kehitt\u00e4misess\u00e4. S\u00e4\u00e4ti\u00f6n tavoitteena on pelastaa P\u00f6iden Pyh\u00e4n Marian kirkko arkkitehtonisena ja historiallisena muistomerkkin\u00e4, palauttaa se kirkollisten toimintojensa s\u00e4ilytt\u00e4miseksi ja laajentamiseksi sek\u00e4 k\u00e4ytt\u00e4\u00e4 sit\u00e4 ainutlaatuisena konserttisalina ja matkailukohteena Saarenmaalla. S\u00e4\u00e4ti\u00f6n kahdeksanj\u00e4senisen neuvoston ensimm\u00e4iset&hellip;<\/p>\n","protected":false},"author":1,"featured_media":0,"parent":0,"menu_order":0,"comment_status":"closed","ping_status":"closed","template":"","meta":{"footnotes":""},"class_list":["post-985","page","type-page","status-publish","hentry","post"],"_links":{"self":[{"href":"https:\/\/poidekirik.ee\/index.php?rest_route=\/wp\/v2\/pages\/985","targetHints":{"allow":["GET"]}}],"collection":[{"href":"https:\/\/poidekirik.ee\/index.php?rest_route=\/wp\/v2\/pages"}],"about":[{"href":"https:\/\/poidekirik.ee\/index.php?rest_route=\/wp\/v2\/types\/page"}],"author":[{"embeddable":true,"href":"https:\/\/poidekirik.ee\/index.php?rest_route=\/wp\/v2\/users\/1"}],"replies":[{"embeddable":true,"href":"https:\/\/poidekirik.ee\/index.php?rest_route=%2Fwp%2Fv2%2Fcomments&post=985"}],"version-history":[{"count":16,"href":"https:\/\/poidekirik.ee\/index.php?rest_route=\/wp\/v2\/pages\/985\/revisions"}],"predecessor-version":[{"id":1479,"href":"https:\/\/poidekirik.ee\/index.php?rest_route=\/wp\/v2\/pages\/985\/revisions\/1479"}],"wp:attachment":[{"href":"https:\/\/poidekirik.ee\/index.php?rest_route=%2Fwp%2Fv2%2Fmedia&parent=985"}],"curies":[{"name":"wp","href":"https:\/\/api.w.org\/{rel}","templated":true}]}}